{"id":3229,"date":"2025-06-02T09:09:07","date_gmt":"2025-06-02T12:09:07","guid":{"rendered":"https:\/\/electroeficiencia.cl\/?page_id=3229"},"modified":"2026-03-06T17:35:19","modified_gmt":"2026-03-06T20:35:19","slug":"ofertas","status":"publish","type":"page","link":"https:\/\/electroeficiencia.cl\/index.php\/ofertas\/","title":{"rendered":"Ofertas"},"content":{"rendered":"\t\t<div data-elementor-type=\"wp-page\" data-elementor-id=\"3229\" class=\"elementor elementor-3229\" data-elementor-post-type=\"page\">\n\t\t\t\t<div class=\"elementor-element elementor-element-a33d1fe e-con-full elementor-hidden-mobile e-flex e-con e-parent\" data-id=\"a33d1fe\" data-element_type=\"container\" data-e-type=\"container\">\n\t\t\t\t<div class=\"elementor-element elementor-element-73c293d elementor-widget elementor-widget-image\" data-id=\"73c293d\" data-element_type=\"widget\" data-e-type=\"widget\" data-widget_type=\"image.default\">\n\t\t\t\t<div class=\"elementor-widget-container\">\n\t\t\t\t\t\t\t\t\t\t\t\t\t\t\t<img decoding=\"async\" src=\"https:\/\/electroeficiencia.cl\/wp-content\/uploads\/2026\/03\/1.jpg\" title=\"\" alt=\"\" loading=\"lazy\" \/>\t\t\t\t\t\t\t\t\t\t\t\t\t\t\t<\/div>\n\t\t\t\t<\/div>\n\t\t\t\t<\/div>\n\t\t<div class=\"elementor-element elementor-element-97ecd3d elementor-hidden-desktop e-flex e-con-boxed e-con e-parent\" data-id=\"97ecd3d\" data-element_type=\"container\" data-e-type=\"container\" data-settings=\"{&quot;background_background&quot;:&quot;classic&quot;}\">\n\t\t\t\t\t<div class=\"e-con-inner\">\n\t\t\t\t<div class=\"elementor-element elementor-element-c647241 elementor-widget elementor-widget-spacer\" data-id=\"c647241\" data-element_type=\"widget\" data-e-type=\"widget\" data-widget_type=\"spacer.default\">\n\t\t\t\t<div class=\"elementor-widget-container\">\n\t\t\t\t\t\t\t<div class=\"elementor-spacer\">\n\t\t\t<div class=\"elementor-spacer-inner\"><\/div>\n\t\t<\/div>\n\t\t\t\t\t\t<\/div>\n\t\t\t\t<\/div>\n\t\t\t\t\t<\/div>\n\t\t\t\t<\/div>\n\t\t<div class=\"elementor-element elementor-element-c447104 e-flex e-con-boxed e-con e-parent\" data-id=\"c447104\" data-element_type=\"container\" data-e-type=\"container\">\n\t\t\t\t\t<div class=\"e-con-inner\">\n\t\t<div class=\"elementor-element elementor-element-90baaa3 e-con-full e-flex e-con e-child\" data-id=\"90baaa3\" data-element_type=\"container\" data-e-type=\"container\">\n\t\t<div class=\"elementor-element elementor-element-e86bf37 e-con-full e-flex e-con e-child\" data-id=\"e86bf37\" data-element_type=\"container\" data-e-type=\"container\">\n\t\t\t\t<div class=\"elementor-element elementor-element-e7d44f3 elementor-widget elementor-widget-heading\" data-id=\"e7d44f3\" data-element_type=\"widget\" data-e-type=\"widget\" data-widget_type=\"heading.default\">\n\t\t\t\t<div class=\"elementor-widget-container\">\n\t\t\t\t\t<h3 class=\"elementor-heading-title elementor-size-default\">Lo Nuevo<\/h3>\t\t\t\t<\/div>\n\t\t\t\t<\/div>\n\t\t\t\t<\/div>\n\t\t<div class=\"elementor-element elementor-element-b774937 e-con-full e-flex e-con e-child\" data-id=\"b774937\" data-element_type=\"container\" data-e-type=\"container\">\n\t\t\t\t<\/div>\n\t\t\t\t<\/div>\n\t\t\t\t\t<\/div>\n\t\t\t\t<\/div>\n\t\t<div class=\"elementor-element elementor-element-b899bdf e-flex e-con-boxed e-con e-parent\" data-id=\"b899bdf\" data-element_type=\"container\" data-e-type=\"container\">\n\t\t\t\t\t<div class=\"e-con-inner\">\n\t\t<div class=\"elementor-element elementor-element-e1c277f e-con-full e-flex e-con e-child\" data-id=\"e1c277f\" data-element_type=\"container\" data-e-type=\"container\">\n\t\t<div class=\"elementor-element elementor-element-50dc5c1 e-con-full e-flex e-con e-child\" data-id=\"50dc5c1\" data-element_type=\"container\" data-e-type=\"container\">\n\t\t\t\t<div class=\"elementor-element elementor-element-b48a100 elementor-widget elementor-widget-heading\" data-id=\"b48a100\" data-element_type=\"widget\" data-e-type=\"widget\" data-widget_type=\"heading.default\">\n\t\t\t\t<div class=\"elementor-widget-container\">\n\t\t\t\t\t<h3 class=\"elementor-heading-title elementor-size-default\">Electro Days<\/h3>\t\t\t\t<\/div>\n\t\t\t\t<\/div>\n\t\t\t\t<\/div>\n\t\t<div class=\"elementor-element elementor-element-d303626 e-con-full e-flex e-con e-child\" data-id=\"d303626\" data-element_type=\"container\" data-e-type=\"container\">\n\t\t<div class=\"elementor-element elementor-element-f5ac912 e-con-full e-flex e-con e-child\" data-id=\"f5ac912\" data-element_type=\"container\" data-e-type=\"container\">\n\t\t\t\t<div class=\"elementor-element elementor-element-9a8fddb elementor-widget elementor-widget-heading\" data-id=\"9a8fddb\" data-element_type=\"widget\" data-e-type=\"widget\" data-widget_type=\"heading.default\">\n\t\t\t\t<div class=\"elementor-widget-container\">\n\t\t\t\t\t<h2 class=\"elementor-heading-title elementor-size-default\"><a href=\"https:\/\/electroeficiencia.cl\/index.php\/categoria-producto\/nuevo\/\">Conoce lo nuevo <\/a><\/h2>\t\t\t\t<\/div>\n\t\t\t\t<\/div>\n\t\t\t\t<div class=\"elementor-element elementor-element-ef8e250 elementor-widget elementor-widget-image\" data-id=\"ef8e250\" data-element_type=\"widget\" data-e-type=\"widget\" data-widget_type=\"image.default\">\n\t\t\t\t<div class=\"elementor-widget-container\">\n\t\t\t\t\t\t\t\t\t\t\t\t\t\t\t\t<a href=\"https:\/\/electroeficiencia.cl\/index.php\/categoria-producto\/nuevo\/\">\n\t\t\t\t\t\t\t<img decoding=\"async\" width=\"84\" height=\"84\" src=\"https:\/\/electroeficiencia.cl\/wp-content\/uploads\/2024\/11\/boton-amarillo-01.svg\" class=\"elementor-animation-grow attachment-large size-large wp-image-2614\" alt=\"\" \/>\t\t\t\t\t\t\t\t<\/a>\n\t\t\t\t\t\t\t\t\t\t\t\t\t\t\t<\/div>\n\t\t\t\t<\/div>\n\t\t\t\t<\/div>\n\t\t\t\t<\/div>\n\t\t\t\t<\/div>\n\t\t\t\t\t<\/div>\n\t\t\t\t<\/div>\n\t\t<div class=\"elementor-element elementor-element-c2d65c7 e-flex e-con-boxed e-con e-parent\" data-id=\"c2d65c7\" data-element_type=\"container\" data-e-type=\"container\">\n\t\t\t\t\t<div class=\"e-con-inner\">\n\t\t<div class=\"elementor-element elementor-element-703eedc e-con-full e-flex e-con e-child\" data-id=\"703eedc\" data-element_type=\"container\" data-e-type=\"container\">\n\t\t\t\t<div class=\"elementor-element elementor-element-4ab2a1f elementor-widget elementor-widget-image\" data-id=\"4ab2a1f\" data-element_type=\"widget\" data-e-type=\"widget\" data-widget_type=\"image.default\">\n\t\t\t\t<div class=\"elementor-widget-container\">\n\t\t\t\t\t\t\t\t\t\t\t\t\t\t\t\t<a href=\"https:\/\/electroeficiencia.cl\/index.php\/producto\/ventilador-inteligente-ecowhiteone\/\">\n\t\t\t\t\t\t\t<img fetchpriority=\"high\" decoding=\"async\" width=\"730\" height=\"463\" src=\"https:\/\/electroeficiencia.cl\/wp-content\/uploads\/2025\/03\/ecowhiteone-home.jpg\" class=\"elementor-animation-grow attachment-large size-large wp-image-3024\" alt=\"\" srcset=\"https:\/\/electroeficiencia.cl\/wp-content\/uploads\/2025\/03\/ecowhiteone-home.jpg 730w, https:\/\/electroeficiencia.cl\/wp-content\/uploads\/2025\/03\/ecowhiteone-home-300x190.jpg 300w, https:\/\/electroeficiencia.cl\/wp-content\/uploads\/2025\/03\/ecowhiteone-home-600x381.jpg 600w, https:\/\/electroeficiencia.cl\/wp-content\/uploads\/2025\/03\/ecowhiteone-home-64x41.jpg 64w\" sizes=\"(max-width: 730px) 100vw, 730px\" \/>\t\t\t\t\t\t\t\t<\/a>\n\t\t\t\t\t\t\t\t\t\t\t\t\t\t\t<\/div>\n\t\t\t\t<\/div>\n\t\t\t\t<\/div>\n\t\t<div class=\"elementor-element elementor-element-0b1bf86 e-con-full e-flex e-con e-child\" data-id=\"0b1bf86\" data-element_type=\"container\" data-e-type=\"container\">\n\t\t\t\t<\/div>\n\t\t\t\t\t<\/div>\n\t\t\t\t<\/div>\n\t\t<div class=\"elementor-element elementor-element-64f9707 e-flex e-con-boxed e-con e-parent\" data-id=\"64f9707\" data-element_type=\"container\" data-e-type=\"container\">\n\t\t\t\t\t<div class=\"e-con-inner\">\n\t\t<div class=\"elementor-element elementor-element-8827027 e-con-full e-flex e-con e-child\" data-id=\"8827027\" data-element_type=\"container\" data-e-type=\"container\">\n\t\t<div class=\"elementor-element elementor-element-e21496a e-con-full e-flex e-con e-child\" data-id=\"e21496a\" data-element_type=\"container\" data-e-type=\"container\">\n\t\t\t\t<div class=\"elementor-element elementor-element-23b5b9d elementor-widget elementor-widget-heading\" data-id=\"23b5b9d\" data-element_type=\"widget\" data-e-type=\"widget\" data-widget_type=\"heading.default\">\n\t\t\t\t<div class=\"elementor-widget-container\">\n\t\t\t\t\t<h3 class=\"elementor-heading-title elementor-size-default\">Ventiladores<\/h3>\t\t\t\t<\/div>\n\t\t\t\t<\/div>\n\t\t\t\t<\/div>\n\t\t<div class=\"elementor-element elementor-element-ed6c39b e-con-full e-flex e-con e-child\" data-id=\"ed6c39b\" data-element_type=\"container\" data-e-type=\"container\">\n\t\t<div class=\"elementor-element elementor-element-f03e1e0 e-con-full e-flex e-con e-child\" data-id=\"f03e1e0\" data-element_type=\"container\" data-e-type=\"container\">\n\t\t\t\t<div class=\"elementor-element elementor-element-9ccbd2e elementor-widget elementor-widget-heading\" data-id=\"9ccbd2e\" data-element_type=\"widget\" data-e-type=\"widget\" data-widget_type=\"heading.default\">\n\t\t\t\t<div class=\"elementor-widget-container\">\n\t\t\t\t\t<h2 class=\"elementor-heading-title elementor-size-default\"><a href=\"https:\/\/electroeficiencia.cl\/index.php\/categoria-producto\/ventiladores\/\">Conoce la l\u00ednea de Ventiladores<\/a><\/h2>\t\t\t\t<\/div>\n\t\t\t\t<\/div>\n\t\t\t\t<div class=\"elementor-element elementor-element-28d98a8 elementor-widget elementor-widget-image\" data-id=\"28d98a8\" data-element_type=\"widget\" data-e-type=\"widget\" data-widget_type=\"image.default\">\n\t\t\t\t<div class=\"elementor-widget-container\">\n\t\t\t\t\t\t\t\t\t\t\t\t\t\t\t\t<a href=\"https:\/\/electroeficiencia.cl\/index.php\/categoria-producto\/ventiladores\/\">\n\t\t\t\t\t\t\t<img decoding=\"async\" width=\"84\" height=\"84\" src=\"https:\/\/electroeficiencia.cl\/wp-content\/uploads\/2024\/11\/boton-amarillo-01.svg\" class=\"elementor-animation-grow attachment-large size-large wp-image-2614\" alt=\"\" \/>\t\t\t\t\t\t\t\t<\/a>\n\t\t\t\t\t\t\t\t\t\t\t\t\t\t\t<\/div>\n\t\t\t\t<\/div>\n\t\t\t\t<\/div>\n\t\t\t\t<\/div>\n\t\t\t\t<\/div>\n\t\t\t\t\t<\/div>\n\t\t\t\t<\/div>\n\t\t<div class=\"elementor-element elementor-element-2173778 e-flex e-con-boxed e-con e-parent\" data-id=\"2173778\" data-element_type=\"container\" data-e-type=\"container\">\n\t\t\t\t\t<div class=\"e-con-inner\">\n\t\t<div class=\"elementor-element elementor-element-293249b e-con-full e-flex e-con e-child\" data-id=\"293249b\" data-element_type=\"container\" data-e-type=\"container\">\n\t\t<div class=\"elementor-element elementor-element-fb886de e-con-full e-flex e-con e-child\" data-id=\"fb886de\" data-element_type=\"container\" data-e-type=\"container\">\n\t\t\t\t<div class=\"elementor-element elementor-element-3c2155d elementor-widget elementor-widget-heading\" data-id=\"3c2155d\" data-element_type=\"widget\" data-e-type=\"widget\" data-widget_type=\"heading.default\">\n\t\t\t\t<div class=\"elementor-widget-container\">\n\t\t\t\t\t<h3 class=\"elementor-heading-title elementor-size-default\">cINTAS lED<\/h3>\t\t\t\t<\/div>\n\t\t\t\t<\/div>\n\t\t\t\t<\/div>\n\t\t<div class=\"elementor-element elementor-element-c1c7460 e-con-full e-flex e-con e-child\" data-id=\"c1c7460\" data-element_type=\"container\" data-e-type=\"container\">\n\t\t<div class=\"elementor-element elementor-element-79c748f e-con-full e-flex e-con e-child\" data-id=\"79c748f\" data-element_type=\"container\" data-e-type=\"container\">\n\t\t\t\t<div class=\"elementor-element elementor-element-d9a348c elementor-widget elementor-widget-heading\" data-id=\"d9a348c\" data-element_type=\"widget\" data-e-type=\"widget\" data-widget_type=\"heading.default\">\n\t\t\t\t<div class=\"elementor-widget-container\">\n\t\t\t\t\t<h2 class=\"elementor-heading-title elementor-size-default\"><a href=\"https:\/\/electroeficiencia.cl\/index.php\/categoria-producto\/cinta-led-new\/\">Conoce la l\u00ednea de Cintas Led<\/a><\/h2>\t\t\t\t<\/div>\n\t\t\t\t<\/div>\n\t\t\t\t<div class=\"elementor-element elementor-element-d07fa6e elementor-widget elementor-widget-image\" data-id=\"d07fa6e\" data-element_type=\"widget\" data-e-type=\"widget\" data-widget_type=\"image.default\">\n\t\t\t\t<div class=\"elementor-widget-container\">\n\t\t\t\t\t\t\t\t\t\t\t\t\t\t\t\t<a href=\"https:\/\/electroeficiencia.cl\/index.php\/categoria-producto\/cinta-led-new\/\">\n\t\t\t\t\t\t\t<img decoding=\"async\" width=\"84\" height=\"84\" src=\"https:\/\/electroeficiencia.cl\/wp-content\/uploads\/2024\/11\/boton-amarillo-01.svg\" class=\"elementor-animation-grow attachment-large size-large wp-image-2614\" alt=\"\" \/>\t\t\t\t\t\t\t\t<\/a>\n\t\t\t\t\t\t\t\t\t\t\t\t\t\t\t<\/div>\n\t\t\t\t<\/div>\n\t\t\t\t<\/div>\n\t\t\t\t<\/div>\n\t\t\t\t<\/div>\n\t\t\t\t\t<\/div>\n\t\t\t\t<\/div>\n\t\t<div class=\"elementor-element elementor-element-5e65490b e-flex e-con-boxed e-con e-parent\" data-id=\"5e65490b\" data-element_type=\"container\" data-e-type=\"container\">\n\t\t\t\t\t<div class=\"e-con-inner\">\n\t\t<div class=\"elementor-element elementor-element-1e56bb4d e-con-full e-flex e-con e-child\" data-id=\"1e56bb4d\" data-element_type=\"container\" data-e-type=\"container\">\n\t\t\t\t<div class=\"elementor-element elementor-element-44ac43a7 elementor-widget elementor-widget-image\" data-id=\"44ac43a7\" data-element_type=\"widget\" data-e-type=\"widget\" data-widget_type=\"image.default\">\n\t\t\t\t<div class=\"elementor-widget-container\">\n\t\t\t\t\t\t\t\t\t\t\t\t\t\t\t\t<a href=\"https:\/\/electroeficiencia.cl\/index.php\/categoria-producto\/aplique\/\">\n\t\t\t\t\t\t\t<img decoding=\"async\" width=\"667\" height=\"1024\" src=\"https:\/\/electroeficiencia.cl\/wp-content\/uploads\/2024\/11\/aplique_-667x1024.jpg\" class=\"elementor-animation-grow attachment-large size-large wp-image-2672\" alt=\"\" srcset=\"https:\/\/electroeficiencia.cl\/wp-content\/uploads\/2024\/11\/aplique_-667x1024.jpg 667w, https:\/\/electroeficiencia.cl\/wp-content\/uploads\/2024\/11\/aplique_-195x300.jpg 195w, https:\/\/electroeficiencia.cl\/wp-content\/uploads\/2024\/11\/aplique_-768x1179.jpg 768w, https:\/\/electroeficiencia.cl\/wp-content\/uploads\/2024\/11\/aplique_-1000x1536.jpg 1000w, https:\/\/electroeficiencia.cl\/wp-content\/uploads\/2024\/11\/aplique_-1334x2048.jpg 1334w, https:\/\/electroeficiencia.cl\/wp-content\/uploads\/2024\/11\/aplique_-600x921.jpg 600w, https:\/\/electroeficiencia.cl\/wp-content\/uploads\/2024\/11\/aplique_-64x98.jpg 64w, https:\/\/electroeficiencia.cl\/wp-content\/uploads\/2024\/11\/aplique_.jpg 1500w\" sizes=\"(max-width: 667px) 100vw, 667px\" \/>\t\t\t\t\t\t\t\t<\/a>\n\t\t\t\t\t\t\t\t\t\t\t\t\t\t\t<\/div>\n\t\t\t\t<\/div>\n\t\t\t\t<\/div>\n\t\t<div class=\"elementor-element elementor-element-a5025b9 e-con-full e-flex e-con e-child\" data-id=\"a5025b9\" data-element_type=\"container\" data-e-type=\"container\">\n\t\t<div class=\"elementor-element elementor-element-7c8af044 e-con-full e-flex e-con e-child\" data-id=\"7c8af044\" data-element_type=\"container\" data-e-type=\"container\">\n\t\t\t\t<div class=\"elementor-element elementor-element-79be8b3e elementor-widget elementor-widget-heading\" data-id=\"79be8b3e\" data-element_type=\"widget\" data-e-type=\"widget\" data-widget_type=\"heading.default\">\n\t\t\t\t<div class=\"elementor-widget-container\">\n\t\t\t\t\t<h3 class=\"elementor-heading-title elementor-size-default\">Aplique<\/h3>\t\t\t\t<\/div>\n\t\t\t\t<\/div>\n\t\t\t\t<\/div>\n\t\t<div class=\"elementor-element elementor-element-63970d50 e-con-full e-flex e-con e-child\" data-id=\"63970d50\" data-element_type=\"container\" data-e-type=\"container\">\n\t\t<div class=\"elementor-element elementor-element-6eec1f8d e-con-full e-flex e-con e-child\" data-id=\"6eec1f8d\" data-element_type=\"container\" data-e-type=\"container\">\n\t\t\t\t<div class=\"elementor-element elementor-element-6798fe9a elementor-widget elementor-widget-heading\" data-id=\"6798fe9a\" data-element_type=\"widget\" data-e-type=\"widget\" data-widget_type=\"heading.default\">\n\t\t\t\t<div class=\"elementor-widget-container\">\n\t\t\t\t\t<h2 class=\"elementor-heading-title elementor-size-default\"><a href=\"https:\/\/electroeficiencia.cl\/index.php\/categoria-producto\/aplique\/\">Conoce la l\u00ednea de Aplique<\/a><\/h2>\t\t\t\t<\/div>\n\t\t\t\t<\/div>\n\t\t\t\t<div class=\"elementor-element elementor-element-51b2cf6c elementor-widget elementor-widget-image\" data-id=\"51b2cf6c\" data-element_type=\"widget\" data-e-type=\"widget\" data-widget_type=\"image.default\">\n\t\t\t\t<div class=\"elementor-widget-container\">\n\t\t\t\t\t\t\t\t\t\t\t\t\t\t\t\t<a href=\"https:\/\/electroeficiencia.cl\/index.php\/categoria-producto\/aplique\/\">\n\t\t\t\t\t\t\t<img decoding=\"async\" width=\"84\" height=\"84\" src=\"https:\/\/electroeficiencia.cl\/wp-content\/uploads\/2024\/11\/boton-amarillo-01.svg\" class=\"elementor-animation-grow attachment-large size-large wp-image-2614\" alt=\"\" \/>\t\t\t\t\t\t\t\t<\/a>\n\t\t\t\t\t\t\t\t\t\t\t\t\t\t\t<\/div>\n\t\t\t\t<\/div>\n\t\t\t\t<\/div>\n\t\t\t\t<\/div>\n\t\t\t\t<\/div>\n\t\t\t\t\t<\/div>\n\t\t\t\t<\/div>\n\t\t<div class=\"elementor-element elementor-element-da58151 e-flex e-con-boxed e-con e-parent\" data-id=\"da58151\" data-element_type=\"container\" data-e-type=\"container\">\n\t\t\t\t\t<div class=\"e-con-inner\">\n\t\t<div class=\"elementor-element elementor-element-6e19811 e-con-full e-flex e-con e-child\" data-id=\"6e19811\" data-element_type=\"container\" data-e-type=\"container\">\n\t\t\t\t<div class=\"elementor-element elementor-element-f05ca5a elementor-widget elementor-widget-shortcode\" data-id=\"f05ca5a\" data-element_type=\"widget\" data-e-type=\"widget\" data-widget_type=\"shortcode.default\">\n\t\t\t\t<div class=\"elementor-widget-container\">\n\t\t\t\t\t\t\t<div class=\"elementor-shortcode\"><iframe src=\"https:\/\/www.google.com\/maps\/embed?pb=!1m12!1m8!1m3!1d3956.731685363979!2d-70.62325467275369!3d-33.49613450454489!3m2!1i1024!2i768!4f13.1!2m1!1sAvenida%20Salvador%20Allende%20115%2C%20bodega%2013%20-%20San%20Joaqu%C3%ADn.!5e0!3m2!1ses-419!2scl!4v1736352227809!5m2!1ses-419!2scl\" width=\"600\" height=\"450\" style=\"border:0;\" allowfullscreen=\"\" loading=\"lazy\" referrerpolicy=\"no-referrer-when-downgrade\"><\/iframe><\/div>\n\t\t\t\t\t\t<\/div>\n\t\t\t\t<\/div>\n\t\t\t\t<\/div>\n\t\t<div class=\"elementor-element elementor-element-0b7fc7a e-con-full e-flex e-con e-child\" data-id=\"0b7fc7a\" data-element_type=\"container\" data-e-type=\"container\">\n\t\t\t\t<div class=\"elementor-element elementor-element-9cad0a4 elementor-widget elementor-widget-heading\" data-id=\"9cad0a4\" data-element_type=\"widget\" data-e-type=\"widget\" data-widget_type=\"heading.default\">\n\t\t\t\t<div class=\"elementor-widget-container\">\n\t\t\t\t\t<h2 class=\"elementor-heading-title elementor-size-default\">Mapa de Ubicaci\u00f3n<\/h2>\t\t\t\t<\/div>\n\t\t\t\t<\/div>\n\t\t\t\t<div class=\"elementor-element elementor-element-a16d146 elementor-widget elementor-widget-text-editor\" data-id=\"a16d146\" data-element_type=\"widget\" data-e-type=\"widget\" data-widget_type=\"text-editor.default\">\n\t\t\t\t<div class=\"elementor-widget-container\">\n\t\t\t\t\t\t\t\t\t<p>Avenida Salvador Allende 115, bodega\u00a013 &#8211; San Joaqu\u00edn.<\/p>\t\t\t\t\t\t\t\t<\/div>\n\t\t\t\t<\/div>\n\t\t\t\t<\/div>\n\t\t\t\t\t<\/div>\n\t\t\t\t<\/div>\n\t\t\t\t<\/div>\n\t\t","protected":false},"excerpt":{"rendered":"<p>Lo Nuevo Electro Days Conoce lo nuevo Ventiladores Conoce la l\u00ednea de Ventiladores cINTAS lED Conoce la l\u00ednea de Cintas Led Aplique Conoce la l\u00ednea de Aplique Mapa de Ubicaci\u00f3n Avenida Salvador Allende 115, bodega\u00a013 &#8211; San Joaqu\u00edn.<\/p>\n","protected":false},"author":1,"featured_media":0,"parent":0,"menu_order":0,"comment_status":"closed","ping_status":"closed","template":"","meta":{"_kad_post_transparent":"","_kad_post_title":"hide","_kad_post_layout":"fullwidth","_kad_post_sidebar_id":"","_kad_post_content_style":"unboxed","_kad_post_vertical_padding":"hide","_kad_post_feature":"hide","_kad_post_feature_position":"","_kad_post_header":false,"_kad_post_footer":false,"_kad_post_classname":"","_joinchat":[],"footnotes":""},"class_list":["post-3229","page","type-page","status-publish","hentry"],"_links":{"self":[{"href":"https:\/\/electroeficiencia.cl\/index.php\/wp-json\/wp\/v2\/pages\/3229","targetHints":{"allow":["GET"]}}],"collection":[{"href":"https:\/\/electroeficiencia.cl\/index.php\/wp-json\/wp\/v2\/pages"}],"about":[{"href":"https:\/\/electroeficiencia.cl\/index.php\/wp-json\/wp\/v2\/types\/page"}],"author":[{"embeddable":true,"href":"https:\/\/electroeficiencia.cl\/index.php\/wp-json\/wp\/v2\/users\/1"}],"replies":[{"embeddable":true,"href":"https:\/\/electroeficiencia.cl\/index.php\/wp-json\/wp\/v2\/comments?post=3229"}],"version-history":[{"count":62,"href":"https:\/\/electroeficiencia.cl\/index.php\/wp-json\/wp\/v2\/pages\/3229\/revisions"}],"predecessor-version":[{"id":3558,"href":"https:\/\/electroeficiencia.cl\/index.php\/wp-json\/wp\/v2\/pages\/3229\/revisions\/3558"}],"wp:attachment":[{"href":"https:\/\/electroeficiencia.cl\/index.php\/wp-json\/wp\/v2\/media?parent=3229"}],"curies":[{"name":"wp","href":"https:\/\/api.w.org\/{rel}","templated":true}]}}