{"id":3000,"date":"2025-03-10T16:46:13","date_gmt":"2025-03-10T19:46:13","guid":{"rendered":"https:\/\/electroeficiencia.cl\/?post_type=product&#038;p=3000"},"modified":"2025-08-08T18:12:42","modified_gmt":"2025-08-08T21:12:42","slug":"ventilador-inteligente-ecowhiteone","status":"publish","type":"product","link":"https:\/\/electroeficiencia.cl\/index.php\/producto\/ventilador-inteligente-ecowhiteone\/","title":{"rendered":"Ventilador Inteligente EcoWhiteOne"},"content":{"rendered":"<p>Ventilador Inteligente EcoWhiteOne<\/p>\n<p data-start=\"136\" data-end=\"513\">Este dispositivo combina una luminaria y ventilador, ideal para diversos ambientes. Con una tensi\u00f3n de AC 220V y frecuencia de 50-60Hz, su consumo es de 40W, asegurando eficiencia energ\u00e9tica. Sus dimensiones son 47.5 x 11 cm, y ofrece una luz fr\u00eda regulable entre 3000K-6500K. Cuenta con 6 velocidades y una configuraci\u00f3n de control remoto para mayor comodidad. Adem\u00e1s, es dimmeable, permitiendo ajustar la intensidad de la luz seg\u00fan tus necesidades. Ideal para un ambiente fresco y bien iluminado.<br \/>\nAplicaci\u00f3n Appliance Smart.<\/p>\n","protected":false},"excerpt":{"rendered":"<p>Este dispositivo combina una luminaria y ventilador, ideal para diversos ambientes.<\/p>\n","protected":false},"featured_media":3001,"comment_status":"closed","ping_status":"closed","template":"","meta":{"_kad_post_transparent":"default","_kad_post_title":"","_kad_post_layout":"default","_kad_post_sidebar_id":"","_kad_post_content_style":"default","_kad_post_vertical_padding":"default","_kad_post_feature":"","_kad_post_feature_position":"","_kad_post_header":false,"_kad_post_footer":false,"_kad_post_classname":"","_joinchat":[]},"product_brand":[],"product_cat":[63],"product_tag":[64,89],"class_list":{"0":"post-3000","1":"product","2":"type-product","3":"status-publish","4":"has-post-thumbnail","6":"product_cat-ventiladores","7":"product_tag-ventilador","8":"product_tag-ventilador-led","10":"first","11":"instock","12":"sale","13":"taxable","14":"shipping-taxable","15":"purchasable","16":"product-type-simple","17":"entry","18":"content-bg","19":"loop-entry"},"_links":{"self":[{"href":"https:\/\/electroeficiencia.cl\/index.php\/wp-json\/wp\/v2\/product\/3000","targetHints":{"allow":["GET"]}}],"collection":[{"href":"https:\/\/electroeficiencia.cl\/index.php\/wp-json\/wp\/v2\/product"}],"about":[{"href":"https:\/\/electroeficiencia.cl\/index.php\/wp-json\/wp\/v2\/types\/product"}],"replies":[{"embeddable":true,"href":"https:\/\/electroeficiencia.cl\/index.php\/wp-json\/wp\/v2\/comments?post=3000"}],"wp:featuredmedia":[{"embeddable":true,"href":"https:\/\/electroeficiencia.cl\/index.php\/wp-json\/wp\/v2\/media\/3001"}],"wp:attachment":[{"href":"https:\/\/electroeficiencia.cl\/index.php\/wp-json\/wp\/v2\/media?parent=3000"}],"wp:term":[{"taxonomy":"product_brand","embeddable":true,"href":"https:\/\/electroeficiencia.cl\/index.php\/wp-json\/wp\/v2\/product_brand?post=3000"},{"taxonomy":"product_cat","embeddable":true,"href":"https:\/\/electroeficiencia.cl\/index.php\/wp-json\/wp\/v2\/product_cat?post=3000"},{"taxonomy":"product_tag","embeddable":true,"href":"https:\/\/electroeficiencia.cl\/index.php\/wp-json\/wp\/v2\/product_tag?post=3000"}],"curies":[{"name":"wp","href":"https:\/\/api.w.org\/{rel}","templated":true}]}}