{"id":3192,"date":"2025-04-02T16:44:41","date_gmt":"2025-04-02T19:44:41","guid":{"rendered":"https:\/\/electroeficiencia.cl\/?post_type=product&#038;p=3192"},"modified":"2025-08-08T17:58:46","modified_gmt":"2025-08-08T20:58:46","slug":"lampara-dimmeable-recargable-touch-lira","status":"publish","type":"product","link":"https:\/\/electroeficiencia.cl\/index.php\/producto\/lampara-dimmeable-recargable-touch-lira\/","title":{"rendered":"L\u00e1mpara dimmeable recargable touch Lira"},"content":{"rendered":"<p class=\"\" data-start=\"115\" data-end=\"503\">Ilumina tus espacios con esta moderna <strong data-start=\"153\" data-end=\"187\">l\u00e1mpara LED recargable de 3.5W<\/strong>, dise\u00f1ada para brindar eficiencia y versatilidad. Su temperatura de luz ajustable entre <strong data-start=\"276\" data-end=\"300\">3000K, 4000K y 6500K<\/strong> te permite elegir entre iluminaci\u00f3n c\u00e1lida, neutra o fr\u00eda, adapt\u00e1ndose a cualquier ambiente. Adem\u00e1s, su <strong data-start=\"405\" data-end=\"456\">alto \u00edndice de reproducci\u00f3n crom\u00e1tica (CRI \u226580)<\/strong> garantiza colores m\u00e1s naturales y vibrantes.<\/p>\n<p class=\"\" data-start=\"505\" data-end=\"782\">Con un flujo luminoso de <strong data-start=\"530\" data-end=\"545\">410 l\u00famenes<\/strong> y una eficiencia de <strong data-start=\"566\" data-end=\"577\">80 lm\/W<\/strong>, proporciona una iluminaci\u00f3n \u00f3ptima con bajo consumo energ\u00e9tico. Su dise\u00f1o elegante y resistente, fabricado en <strong data-start=\"689\" data-end=\"701\">aluminio<\/strong>, la hace ideal para su uso en <strong data-start=\"732\" data-end=\"779\">salas, terrazas, restaurantes y dormitorios<\/strong>.<\/p>\n<p class=\"\" data-start=\"784\" data-end=\"1027\">Cuenta con una bater\u00eda recargable a trav\u00e9s de un <strong data-start=\"833\" data-end=\"853\">puerto USB de 5V<\/strong>, con un tiempo de carga de <strong data-start=\"881\" data-end=\"896\">4 a 6 horas<\/strong>, ofreciendo una excelente autonom\u00eda. Sus dimensiones de <strong data-start=\"953\" data-end=\"994\">100 mm de di\u00e1metro y 350 mm de altura<\/strong> la hacen compacta y funcional.<\/p>\n<p class=\"\" data-start=\"1029\" data-end=\"1191\">Adem\u00e1s, su <strong data-start=\"1040\" data-end=\"1069\">\u00edndice de protecci\u00f3n IP20<\/strong> la hace segura para interiores, y su <strong data-start=\"1107\" data-end=\"1136\">vida \u00fatil de 25,000 horas<\/strong> garantiza durabilidad y confiabilidad a largo plazo.<\/p>\n<p class=\"\" data-start=\"1193\" data-end=\"1286\"><strong data-start=\"1193\" data-end=\"1284\">\u00a1Dale un toque de estilo y funcionalidad a tus espacios con esta incre\u00edble l\u00e1mpara LED!<\/strong><\/p>\n<p data-start=\"1178\" data-end=\"1281\">Caracter\u00edsticas:<\/p>\n<ul>\n<li><strong>Potencia:\u00a0<\/strong>3.5 W<\/li>\n<li><strong>Temperatura De Luz: <\/strong>3000K\/4000K\/6500K<\/li>\n<li><strong>CRI<\/strong>: \u300b80<\/li>\n<li><strong>L\u00famenes (Lm):\u00a0<\/strong>410lm<\/li>\n<li><strong>Lm\/W:\u00a0<\/strong>80lm\/W<\/li>\n<li><strong>\u00cdndice Protecci\u00f3n:\u00a0<\/strong>Ip20<\/li>\n<li><strong>Puerto Usb :<\/strong>\u00a05v<\/li>\n<li><strong>Carga: <\/strong>4-6 Horas<\/li>\n<li><strong>Material:\u00a0<\/strong>Aluminio<\/li>\n<li><strong>Medida Del Producto: <\/strong>\u00d8100*350mm<\/li>\n<li><strong>Hz:\u00a0<\/strong>50- 60hz<\/li>\n<li><strong>Tiempo De Vida:<\/strong> 25.000hrs<\/li>\n<li><strong>Usos Recomendados:\u00a0<\/strong>Salas, Terrazas, Restaurantes, Dormitorios.<\/li>\n<\/ul>\n","protected":false},"excerpt":{"rendered":"<p>Ilumina tus espacios con esta moderna <strong data-start=\"153\" data-end=\"187\">l\u00e1mpara LED recargable de 3.5W<\/strong>, dise\u00f1ada para brindar eficiencia y versatilidad. Su temperatura de luz ajustable entre <strong data-start=\"276\" data-end=\"300\">3000K, 4000K y 6500K<\/strong> te permite elegir entre iluminaci\u00f3n c\u00e1lida, neutra o fr\u00eda, adapt\u00e1ndose a cualquier ambiente.<\/p>\n","protected":false},"featured_media":3193,"comment_status":"closed","ping_status":"closed","template":"","meta":{"_kad_post_transparent":"default","_kad_post_title":"","_kad_post_layout":"default","_kad_post_sidebar_id":"","_kad_post_content_style":"default","_kad_post_vertical_padding":"default","_kad_post_feature":"","_kad_post_feature_position":"","_kad_post_header":false,"_kad_post_footer":false,"_kad_post_classname":"","_joinchat":[]},"product_brand":[],"product_cat":[36,94],"product_tag":[102,96,101,103],"class_list":{"0":"post-3192","1":"product","2":"type-product","3":"status-publish","4":"has-post-thumbnail","6":"product_cat-lamparas","7":"product_cat-nuevo","8":"product_tag-lampara","9":"product_tag-lampara-recargable","10":"product_tag-lampara-roma-recargable-touch","11":"product_tag-lampara-touch","13":"first","14":"instock","15":"sale","16":"taxable","17":"shipping-taxable","18":"purchasable","19":"product-type-simple","20":"entry","21":"content-bg","22":"loop-entry"},"_links":{"self":[{"href":"https:\/\/electroeficiencia.cl\/index.php\/wp-json\/wp\/v2\/product\/3192","targetHints":{"allow":["GET"]}}],"collection":[{"href":"https:\/\/electroeficiencia.cl\/index.php\/wp-json\/wp\/v2\/product"}],"about":[{"href":"https:\/\/electroeficiencia.cl\/index.php\/wp-json\/wp\/v2\/types\/product"}],"replies":[{"embeddable":true,"href":"https:\/\/electroeficiencia.cl\/index.php\/wp-json\/wp\/v2\/comments?post=3192"}],"wp:featuredmedia":[{"embeddable":true,"href":"https:\/\/electroeficiencia.cl\/index.php\/wp-json\/wp\/v2\/media\/3193"}],"wp:attachment":[{"href":"https:\/\/electroeficiencia.cl\/index.php\/wp-json\/wp\/v2\/media?parent=3192"}],"wp:term":[{"taxonomy":"product_brand","embeddable":true,"href":"https:\/\/electroeficiencia.cl\/index.php\/wp-json\/wp\/v2\/product_brand?post=3192"},{"taxonomy":"product_cat","embeddable":true,"href":"https:\/\/electroeficiencia.cl\/index.php\/wp-json\/wp\/v2\/product_cat?post=3192"},{"taxonomy":"product_tag","embeddable":true,"href":"https:\/\/electroeficiencia.cl\/index.php\/wp-json\/wp\/v2\/product_tag?post=3192"}],"curies":[{"name":"wp","href":"https:\/\/api.w.org\/{rel}","templated":true}]}}