{"id":438,"date":"2024-06-12T18:03:30","date_gmt":"2024-06-12T21:03:30","guid":{"rendered":"https:\/\/electroeficiencia.cl\/?post_type=product&#038;p=438"},"modified":"2024-07-19T16:17:00","modified_gmt":"2024-07-19T19:17:00","slug":"estaca-led-solar-8leds-3000k","status":"publish","type":"product","link":"https:\/\/electroeficiencia.cl\/index.php\/producto\/estaca-led-solar-8leds-3000k\/","title":{"rendered":"ESTACA LED SOLAR 8LEDS 3000K"},"content":{"rendered":"","protected":false},"excerpt":{"rendered":"<p>Focos LED con estaca para ser enterrada, acondicionadas para jard\u00edn de c\u00e9sped<br \/>\nduradero y elegante acabado en acero inoxidable<\/p>\n<p>Luz solar del suelo viene con sensor de luz que se enciende al atardecer hasta el sensor de la madrugada<\/p>\n<p>Ideal para \u00e1reas donde el suministro el\u00e9ctrico convencional no est\u00e1 disponible<\/p>\n<ul>\n<li><strong>Material<\/strong>: Acero inoxidable y ABS<\/li>\n<li><strong>Energ\u00eda del panel solar<\/strong>: 2V \/ 100mA<\/li>\n<li><strong>Tipo de l\u00e1mpara<\/strong>: LED<\/li>\n<li><strong>Color de la luz<\/strong>: Calido<\/li>\n<li><strong>Tiempo de carga<\/strong>:\u00a0 8 horas<\/li>\n<li><strong>Tiempo de trabajo<\/strong>: carga completa puede estar iluminando alrededor de 8 horas<\/li>\n<li><strong>Temperatura de color<\/strong>:Luz c\u00e1lida :3000K<\/li>\n<li><strong>Clasificaci\u00f3n impermeable<\/strong>: IP65<\/li>\n<li><strong>Requiere bater\u00eda:<\/strong> 1 x 1.2V600mAh Ni-MH AAA bater\u00eda recargable (incluida)<\/li>\n<li><strong>Color<\/strong>: Plata<\/li>\n<li><strong>Medidas<\/strong>: 14cm alto x 11.5cm ancho x 2cm grosor<\/li>\n<li><strong>Incluye<\/strong> : 4 Luz solar de 8 led cada una<\/li>\n<\/ul>\n","protected":false},"featured_media":2107,"comment_status":"closed","ping_status":"closed","template":"","meta":{"_kad_post_transparent":"default","_kad_post_title":"","_kad_post_layout":"default","_kad_post_sidebar_id":"","_kad_post_content_style":"default","_kad_post_vertical_padding":"default","_kad_post_feature":"","_kad_post_feature_position":"","_kad_post_header":false,"_kad_post_footer":false,"_kad_post_classname":"","_joinchat":[]},"product_brand":[],"product_cat":[49,45],"product_tag":[51],"class_list":{"0":"post-438","1":"product","2":"type-product","3":"status-publish","4":"has-post-thumbnail","6":"product_cat-iluminacion-led-solar","7":"product_cat-led-jardin-y-exteriores","8":"product_tag-ampolleta-led","10":"first","11":"instock","12":"taxable","13":"shipping-taxable","14":"product-type-simple","15":"entry","16":"content-bg","17":"loop-entry"},"_links":{"self":[{"href":"https:\/\/electroeficiencia.cl\/index.php\/wp-json\/wp\/v2\/product\/438","targetHints":{"allow":["GET"]}}],"collection":[{"href":"https:\/\/electroeficiencia.cl\/index.php\/wp-json\/wp\/v2\/product"}],"about":[{"href":"https:\/\/electroeficiencia.cl\/index.php\/wp-json\/wp\/v2\/types\/product"}],"replies":[{"embeddable":true,"href":"https:\/\/electroeficiencia.cl\/index.php\/wp-json\/wp\/v2\/comments?post=438"}],"wp:featuredmedia":[{"embeddable":true,"href":"https:\/\/electroeficiencia.cl\/index.php\/wp-json\/wp\/v2\/media\/2107"}],"wp:attachment":[{"href":"https:\/\/electroeficiencia.cl\/index.php\/wp-json\/wp\/v2\/media?parent=438"}],"wp:term":[{"taxonomy":"product_brand","embeddable":true,"href":"https:\/\/electroeficiencia.cl\/index.php\/wp-json\/wp\/v2\/product_brand?post=438"},{"taxonomy":"product_cat","embeddable":true,"href":"https:\/\/electroeficiencia.cl\/index.php\/wp-json\/wp\/v2\/product_cat?post=438"},{"taxonomy":"product_tag","embeddable":true,"href":"https:\/\/electroeficiencia.cl\/index.php\/wp-json\/wp\/v2\/product_tag?post=438"}],"curies":[{"name":"wp","href":"https:\/\/api.w.org\/{rel}","templated":true}]}}